ate y(-16).
139
Let r(d) = 2*d**3 - 24*d**2 - 92*d + 47. What is r(15)?
17
Let a(s) = -445*s + 9372. Give a(21).
27
Let n(i) = -i**3 + 6*i**2 - 3*i + 37. Give n(6).
19
Let f(q) = -q**2 + 68*q + 4125. Calculate f(105).
240
Let b(p) = -p**2 - 842*p - 15. Calculate b(0).
-15
Let s(y) = -y**3 + 13*y**2 - 17*y + 211. Calculate s(13).
-10
Let z(c) = c**3 - 135*c**2 + 265*c + 126. Determine z(133).
-7
Let k(j) = -3*j**2 - 31. Give k(-6).
-139
Let z(d) = -89*d - 4495. Determine z(-51).
44
Let g(c) = c**2 - 3*c - 185. Calculate g(-14).
53
Let w(j) = -4*j**2 - 3*j + 6. Calculate w(1).
-1
Let t(v) = -156*v + 535. Calculate t(3).
67
Let i(f) = -f**3 - 43*f**2 + 98*f - 2. Determine i(2).
14
Let r(a) = -a**3 - 34*a**2 - 240*a - 22. What is r(-24)?
-22
Let f(x) = x**2 - 34*x + 60. Give f(23).
-193
Let h(d) = -d**2 - 11*d + 12. Determine h(2).
-14
Let p(x) = 32*x - 273. Determine p(7).
-49
Let i(d) = -178*d - 258. Determine i(1).
-436
Let x(t) = -6*t**3 + 192*t**2 - 115*t + 3668. What is x(32)?
-12
Let p(a) = a**2 + 58*a - 685. Give p(-63).
-370
Let a(c) = 270*c + 1352. Determine a(-5).
2
Let c(l) = -12*l - 235. Calculate c(6).
-307
Let y(f) = -12*f**2 - 41*f + 98. Calculate y(4).
-258
Let t(o) = -3*o**2 + 33*o + 40. Determine t(16).
-200
Let v(m) = m**3 + 47*m**2 + 56*m + 63. What is v(-46)?
-397
Let c(j) = 3109*j**2 + 15551*j + 6. Determine c(-5).
-24
Let u(n) = 40*n - 24. Give u(0).
-24
Let i(u) = -27*u + 2840. Give i(105).
5
Let k(c) = c**3 + 130*c**2 - 17*c - 2229. What is k(-130)?
-19
Let a(b) = 6*b**3 - 3*b**2 - 25*b - 41. Calculate a(-2).
-51
Let s(x) = -62*x - 1204. What is s(-20)?
36
Let i(g) = g**3 - 6*g**2 - g + 11. Give i(5).
-19
Let h(k) = k**2 - 101*k - 685. Determine h(-6).
-43
Let n(h) = -h**3 + 274*h**2 + 42735*h + 2. Determine n(-111).
2
Let d(h) = 3*h**3 - 127*h**2 + 163*h + 36. Determine d(41).
-5
Let c(q) = q**3 - 32*q**2 + 51*q - 626. Calculate c(31).
-6
Let d(a) = 15*a - 114. Determine d(16).
126
Let t(j) = -13*j**3 + 51*j**2 - 34*j - 10. Give t(3).
-4
Let n(m) = 9*m**3 - 2*m**2 - 23*m + 70. Determine n(3).
226
Let l(p) = -2*p**3 - 49*p**2 - 355*p - 7938. What is l(-24)?
6
Let x(t) = -46*t - 904. Give x(-19).
-30
Let t(b) = -2*b**3 - 6*b**2 + 84*b - 18. Calculate t(5).
2
Let z(j) = -2*j**2 - j - 49. Give z(0).
-49
Let a(l) = -68*l - 2506. Determine a(-37).
10
Let t(h) = -h**3 + h**2 + 28*h - 46. What is t(-6)?
38
Let k(z) = z**3 - 5*z**2 - 48*z - 34. Give k(10).
-14
Let u(m) = -264*m - 1585. Give u(-6).
-1
Let q(n) = -22*n - 155. What is q(-11)?
87
Let b(h) = h**2 + 179*h - 2972. Give b(15).
-62
Let a(f) = f**2 + 220*f + 2294. Determine a(-11).
-5
Let g(i) = i**3 + 23*i**2 + 121*i + 3. Calculate g(-8).
-5
Let o(d) = -3*d**2 + 31. What is o(-4)?
-17
Let q(p) = 23*p**2 - 5*p + 2. What is q(2)?
84
Let s(g) = -7*g**2 - 62*g - 49. What is s(-8)?
-1
Let x(r) = -r**2 + 41*r + 2543. What is x(-34)?
-7
Let b(m) = -3*m + 292. Give b(95).
7
Let z(l) = -2*l**3 - 147*l**2 - 255*l - 2814. What is z(-72)?
-6
Let r(h) = -h**3 + 20*h**2 + 33*h - 261. Give r(21).
-9
Let a(j) = j**3 - 18*j**2 - 32*j + 1173. Determine a(15).
18
Let g(m) = 67*m - 205. Determine g(4).
63
Let v(f) = f - 179. What is v(9)?
-170
Let f(x) = 23*x + 71. What is f(-3)?
2
Let q(h) = 2*h**2 - 97*h + 16. Determine q(0).
16
Let u(v) = v**2 - 212*v + 2218. Determine u(11).
7
Let m(l) = 4*l**2 - 6*l + 14. Calculate m(5).
84
Let d(z) = -14*z**2 - 1159*z + 280. What is d(-83)?
31
Let q(j) = -131*j + 309. What is q(11)?
-1132
Let s(o) = 2*o**2 - 109*o - 1524. Calculate s(66).
-6
Let a(z) = -z**3 - 16*z**2 - 14*z + 432. Calculate a(-11).
-19
Let q(g) = -6*g**2 + 227*g + 284. Determine q(39).
11
Let n(x) = -x**2 + 52*x + 1840. Calculate n(-24).
16
Let y(r) = r**3 - r**2 - 142*r + 16. Give y(0).
16
Let q(h) = -h**2 + 149*h - 4853. What is q(101)?
-5
Let l(x) = 104*x - 91. What is l(0)?
-91
Let n(x) = x**3 - 26*x**2 - 18*x - 236. Give n(27).
7
Let n(s) = 7*s + 394. What is n(-55)?
9
Let k(n) = -63*n + 3207. Give k(51).
-6
Let g(d) = -2892*d - 20225. Give g(-7).
19
Let c(y) = -219*y + 35936. Give c(164).
20
Let k(j) = j**2 + 44*j + 449. Calculate k(-20).
-31
Let b(h) = -114*h - 790. What is b(-6)?
-106
Let h(u) = -2*u**2 - 48*u + 2022. What is h(22)?
-2
Let l(f) = -19*f**3 - 305*f**2 - 25*f - 135. Determine l(-16).
9
Let x(h) = -428*h - 85. What is x(-1)?
343
Let n(r) = r**3 + r**2 - 59*r + 89. What is n(6)?
-13
Let g(u) = -5*u**2 + 22*u + 25. Give g(8).
-119
Let q(y) = -y**2 - 4*y + 66. What is q(7)?
-11
Let y(g) = 24*g + 148. Calculate y(-4).
52
Let i(s) = -3*s - 15. Give i(-13).
24
Let n(j) = 34*j + 213. Calculate n(-12).
-195
Let n(j) = -7*j**2 + 225*j - 40. Determine n(32).
-8
Let u(v) = -97*v**2 + 495*v + 9. Determine u(5).
59
Let y(o) = 2*o**2 - 133*o - 278. Calculate y(68).
-74
Let v(h) = 94*h + 718. Determine v(-7).
60
Let j(w) = 4*w**2 + 58*w + 88. What is j(-13)?
10
Let d(l) = 5465*l + 32785. Determine d(-6).
-5
Let m(p) = 78*p - 719. Calculate m(9).
-17
Let b(t) = 6*t - 375. What is b(54)?
-51
Let i(c) = -c**2 + 501*c - 59334. Give i(309).
-6
Let k(y) = -5*y**2 + 3*y - 4. What is k(-3)?
-58
Let m(u) = -27*u - 1019. What is m(-37)?
-20
Let d(y) = -y**2 + 207*y - 7952. Give d(156).
4
Let i(n) = -n**3 - 149*n**2 - 301*n - 1047. Calculate i(-147).
-18
Let t(o) = o**2 - 8*o + 8. Determine t(5).
-7
Let o(m) = 2*m**2 + 76*m + 873. Calculate o(-14).
201
Let m(s) = -s**3 - 78*s**2 - 225*s - 2. Give m(-75).
-2
Let r(i) = -50*i**3 + 397*i**2 + 19*i + 45. Determine r(8).
5
Let p(b) = -797*b - 8854. Determine p(-11).
-87
Let r(n) = 2*n**2 - 205*n + 3782. Calculate r(78).
-40
Let x(b) = -28*b**2 + 53*b + 1. What is x(1)?
26
Let t(b) = b**3 - 12*b**2 - 4*b - 5. Determine t(9).
-284
Let p(u) = -2003*u - 32047. Determine p(-16).
1
Let a(i) = -2*i**2 - 376*i + 1147. Calculate a(3).
1
Let a(j) = -2*j**2 + 68*j - 54. Calculate a(37).
-276
Let i(w) = 10*w - 207. What is i(36)?
153
Let s(v) = 38*v + 168. What is s(-3)?
54
Let h(w) = 13*w**3 + 2*w**2 - 17*w - 33. Calculate h(-2).
-95
Let q(u) = 29*u - 23. Determine q(6).
151
Let x(s) = s**2 - 226*s - 11559. Calculate x(-43).
8
Let q(v) = -v**3 + 17*v**2 + v + 1. Calculate q(17).
18
Let a(b) = -6*b**2 + 111*b - 348. Determine a(15).
-33
Let q(t) = 16*t**2 - 228*t + 31. Calculate q(14).
-25
Let c(i) = 239*i + 5973. Determine c(-25).
-2
Let q(k) = -k**2 + 72*k - 196. Give q(69).
11
Let w(p) = 311*p**3 + p**2 - 45*p - 47. Give w(-1).
-312
Let m(i) = -i**3 - 2*i**2 + 6*i + 15. Give m(-4).
23
Let n(p) = -4*p**2 + 38*p - 257. Determine n(11).
-323
Let g(h) = -h**3 + 43*h**2 - 39*h - 126. Determine g(42).
0
Let q(c) = -2*c**3 - 20*c**2 + 17*c + 5. Give q(-10).
-165
Let i(f) = 460*f + 2329. Determine i(-5).
29
Let x(m) = -m**2 - 1080*m + 4329. Determine x(4).
-7
Let y(z) = -4*z**3 + 2*z**2 - 9*z + 50. What is y(6)?
-796
Let v(c) = -42*c**2 + 169*c - 10. What is v(4)?
-6
Let t(l) = -402*l + 6018. Calculate t(15).
-12
Let j(n) = n**3 + 16*n**2 + 17*n - 8. Calculate j(-15).
-38
Let d(a) = -5*a**3 - 192*a**2 + 107*a - 397. What is d(-39)?
-7
Let i(u) = 4*u**2 - 16*u - 1835. Give i(-19).
-87
Let j(g) = -175*g + 81. Give j(1).
-94
Let b(t) = -1162*t + 18584. Calculate b(16).
-8
Let w(n) = 50*n**3 - 6*n**2 - 6*n - 2. Calculate w(-1).
-52
Let k(x) = -257*x + 14105. Give k(55).
-30
Let i(v) = -v**3 + 14*v**2 - 24*v + 20. What is i(7)?
195
Let k(q) = -2445*q - 7322. Calculate k(-3).
13
Let w(c) = c**2 - 898*c - 152419. Determine w(-146).
5
Let w(a) = -2*a - 283. Calculate w(-70).
-143
Let m(r) = 148*r - 294. What is m(2)?
2
Let b(w) = -3*w**2 - 123*w. Calculate b(-41).
0
Let c(q) = 2*q**3 + 3*q**2 + 46*q - 153. Calculate c(4).
207
Let j(m) = 182*m - 511. What is j(3)?
35
Let o(a) = 620*a + 8681. Determine o(-14).
1
Let x(r) = -r**3 + 5*r**2 + 24*r - 15. Calculate x(-6).
237
Let n(r) = r**2 - 53*r + 529. What is n(15)?
-41
Let r(q) = -2*q**3 - 96*q**2 - 3*q - 144. What is r(-48)?
0
Let l(a) = 2*a**3 - 2*a**2 - 39*a - 222. Calculate l(-7).
-733
Let k(m) = 816*m**3 - 2*m**2 + m + 2. Determine k(-1).
-817
Let w(k) = 22*k**2 - 345*k + 1254. Determine w(10).
4
Let w(g) = -9*g**3 - 9*g**2 + 4*g + 4. Give w(1).
-10
Let g(v) = -2*v**2 + 4*v - 41. Give g(6).
-89
Let u(b) = -2*b**2 + 117*b + 342. Calculate u(-3).
-27
Let b(t) = t**3 - 57*t**2 - 119*t + 143. What is b(59)?
84
Let 